{"id":58,"date":"2014-01-26T20:16:53","date_gmt":"2014-01-26T19:16:53","guid":{"rendered":"https:\/\/daniel-kloepper.de\/?page_id=58"},"modified":"2020-08-31T02:21:25","modified_gmt":"2020-08-31T00:21:25","slug":"ueber-mich","status":"publish","type":"page","link":"https:\/\/daniel-kloepper.de\/?page_id=58","title":{"rendered":"\u00dcber mich"},"content":{"rendered":"<div class=\"page\" title=\"Page 1\">\n<div class=\"section\">\n<div class=\"layoutArea\">\n<div class=\"column\">\n<p>Liebe Nachbarin, lieber Nachbar,<img loading=\"lazy\" decoding=\"async\" class=\"wp-image-825 alignright\" src=\"https:\/\/daniel-kloepper.de\/wp-content\/uploads\/2020\/08\/Daniel-Kloepper-CDU-Frechen-724x1024.jpg\" alt=\"\" width=\"256\" height=\"362\" srcset=\"https:\/\/daniel-kloepper.de\/wp-content\/uploads\/2020\/08\/Daniel-Kloepper-CDU-Frechen-724x1024.jpg 724w, https:\/\/daniel-kloepper.de\/wp-content\/uploads\/2020\/08\/Daniel-Kloepper-CDU-Frechen-212x300.jpg 212w, https:\/\/daniel-kloepper.de\/wp-content\/uploads\/2020\/08\/Daniel-Kloepper-CDU-Frechen-768x1086.jpg 768w, https:\/\/daniel-kloepper.de\/wp-content\/uploads\/2020\/08\/Daniel-Kloepper-CDU-Frechen-1086x1536.jpg 1086w, https:\/\/daniel-kloepper.de\/wp-content\/uploads\/2020\/08\/Daniel-Kloepper-CDU-Frechen-1448x2048.jpg 1448w, https:\/\/daniel-kloepper.de\/wp-content\/uploads\/2020\/08\/Daniel-Kloepper-CDU-Frechen-750x1061.jpg 750w, https:\/\/daniel-kloepper.de\/wp-content\/uploads\/2020\/08\/Daniel-Kloepper-CDU-Frechen-scaled.jpg 1810w\" sizes=\"auto, (max-width: 256px) 100vw, 256px\" \/><\/p>\n<p>Frechen liegt mir am Herzen. Gerne m\u00f6chte ich\u00a0Ihre Interessen ehrenamtlich im Stadtrat vertreten.<br \/>\nGemeinsam wollen wir unsere liebens- und lebenswerte Heimat weiterentwickeln.<\/p>\n<p>Lassen Sie uns gemeinsam \u201eZukunft vor Ort gestalten\u201c.<br \/>\nIch bitte um Ihr Vertrauen und werbe um Ihre Stimme.<\/p>\n<p>Ihr<br \/>\nDaniel Kl\u00f6pper<\/p>\n<\/div>\n<\/div>\n<\/div>\n<\/div>\n<table width=\"718\">\n<tbody>\n<tr>\n<td>\n<div class=\"page\" title=\"Page 1\">\n<div class=\"section\">\n<div class=\"layoutArea\">\n<div class=\"column\">\n<p><em><strong>\u201eDemokratie lebt vom Mitmachen, sie lebt vom Engagement jedes Einzelnen! Deshalb engagiere ich mich kommunalpolitisch.\u201c<\/strong><\/em><\/p>\n<p>42 Jahre, Regionalmanager (Personal und Kostenplanung, strategische Agenturentwicklung), ich lebe von Geburt an in Frechen und bin seit zw\u00f6lf Jahren in K\u00f6nigsdorf,<br \/>\nRatsmitglied seit 2009<\/p>\n<p><strong>Politische Schwerpunkte<\/strong><\/p>\n<p>Sport, B\u00e4der, Digitalisierung, Glasfaser, Verkehr, Finanzen, Personal<\/p>\n<p><strong>Daf\u00fcr setze ich mich ein<\/strong><\/p>\n<p>L\u00e4rmschutz an der A4, Sicherer \u00dcberweg am M\u00fchlenweg, Verkehrsberuhigende Ma\u00dfnahmen<\/p>\n<p><strong>Daf\u00fcr hat sich die CDU K\u00f6nigsdorf eingesetzt<\/strong><\/p>\n<p>Errichtung einer behindertengerechten Bushaltestelle<br \/>\nam M\u00fchlenweg \/ Am Rotental, Carsharing-Station am S-Bahnhof, Elektrofahrzeugs\u00e4ulen am S-Bahnhof, Wirksame Ma\u00dfnahmen zur Verringerung von Geschwindigkeits\u00fcber- schreitungen im Ort<\/p>\n<p><strong>Lieblingsorte\/-aktivit\u00e4ten<\/strong><\/p>\n<p>Radfahren im Villeforst K\u00f6nigsdorf, Spazieren im Sportpark Frechen, Schwimmen im Freibad oder Hallenbad<\/p>\n<p><strong>Vereine<\/strong><\/p>\n<p>F\u00f6rdermitglied im TuS Blau-Wei\u00df K\u00f6nigsdorf, Mitglied im F\u00f6rderverein der Freiwilligen Feuerwehr Frechen sowie Habbelrath<\/p>\n<\/div>\n<\/div>\n<\/div>\n<\/div>\n<\/td>\n<td><\/td>\n<\/tr>\n<\/tbody>\n<\/table>\n","protected":false},"excerpt":{"rendered":"<p>Liebe Nachbarin, lieber Nachbar, Frechen liegt mir am Herzen. Gerne m\u00f6chte ich\u00a0Ihre Interessen ehrenamtlich im Stadtrat vertreten. Gemeinsam wollen wir unsere liebens- und lebenswerte Heimat weiterentwickeln. Lassen Sie uns gemeinsam \u201eZukunft vor Ort gestalten\u201c. Ich bitte um Ihr Vertrauen und werbe um Ihre Stimme. Ihr Daniel Kl\u00f6pper \u201eDemokratie lebt vom Mitmachen, sie lebt vom Engagement &hellip; <\/p>\n<p><a class=\"more-link btn\" href=\"https:\/\/daniel-kloepper.de\/?page_id=58\">Weiterlesen<\/a><\/p>\n","protected":false},"author":1,"featured_media":0,"parent":0,"menu_order":0,"comment_status":"open","ping_status":"closed","template":"","meta":{"footnotes":""},"class_list":["post-58","page","type-page","status-publish","hentry","nodate","item-wrap"],"jetpack_sharing_enabled":true,"_links":{"self":[{"href":"https:\/\/daniel-kloepper.de\/index.php?rest_route=\/wp\/v2\/pages\/58","targetHints":{"allow":["GET"]}}],"collection":[{"href":"https:\/\/daniel-kloepper.de\/index.php?rest_route=\/wp\/v2\/pages"}],"about":[{"href":"https:\/\/daniel-kloepper.de\/index.php?rest_route=\/wp\/v2\/types\/page"}],"author":[{"embeddable":true,"href":"https:\/\/daniel-kloepper.de\/index.php?rest_route=\/wp\/v2\/users\/1"}],"replies":[{"embeddable":true,"href":"https:\/\/daniel-kloepper.de\/index.php?rest_route=%2Fwp%2Fv2%2Fcomments&post=58"}],"version-history":[{"count":54,"href":"https:\/\/daniel-kloepper.de\/index.php?rest_route=\/wp\/v2\/pages\/58\/revisions"}],"predecessor-version":[{"id":843,"href":"https:\/\/daniel-kloepper.de\/index.php?rest_route=\/wp\/v2\/pages\/58\/revisions\/843"}],"wp:attachment":[{"href":"https:\/\/daniel-kloepper.de\/index.php?rest_route=%2Fwp%2Fv2%2Fmedia&parent=58"}],"curies":[{"name":"wp","href":"https:\/\/api.w.org\/{rel}","templated":true}]}}

Über mich

<div class="page" title="Page 1">
<div class="section">
<div class="layoutArea">
<div class="column">
<p>Liebe Nachbarin, lieber Nachbar,<img loading="lazy" decoding="async" class="wp-image-825 alignright" src="https://daniel-kloepper.de/wp-content/uploads/2020/08/Daniel-Kloepper-CDU-Frechen-724x1024.jpg" alt="" width="256" height="362" srcset="https://daniel-kloepper.de/wp-content/uploads/2020/08/Daniel-Kloepper-CDU-Frechen-724x1024.jpg 724w, https://daniel-kloepper.de/wp-content/uploads/2020/08/Daniel-Kloepper-CDU-Frechen-212x300.jpg 212w, https://daniel-kloepper.de/wp-content/uploads/2020/08/Daniel-Kloepper-CDU-Frechen-768x1086.jpg 768w, https://daniel-kloepper.de/wp-content/uploads/2020/08/Daniel-Kloepper-CDU-Frechen-1086x1536.jpg 1086w, https://daniel-kloepper.de/wp-content/uploads/2020/08/Daniel-Kloepper-CDU-Frechen-1448x2048.jpg 1448w, https://daniel-kloepper.de/wp-content/uploads/2020/08/Daniel-Kloepper-CDU-Frechen-750x1061.jpg 750w, https://daniel-kloepper.de/wp-content/uploads/2020/08/Daniel-Kloepper-CDU-Frechen-scaled.jpg 1810w" sizes="auto, (max-width: 256px) 100vw, 256px" /></p>
<p>Frechen liegt mir am Herzen. Gerne möchte ich Ihre Interessen ehrenamtlich im Stadtrat vertreten.<br />
Gemeinsam wollen wir unsere liebens- und lebenswerte Heimat weiterentwickeln.</p>
<p>Lassen Sie uns gemeinsam „Zukunft vor Ort gestalten“.<br />
Ich bitte um Ihr Vertrauen und werbe um Ihre Stimme.</p>
<p>Ihr<br />
Daniel Klöpper</p>
</div>
</div>
</div>
</div>
<table width="718">
<tbody>
<tr>
<td>
<div class="page" title="Page 1">
<div class="section">
<div class="layoutArea">
<div class="column">
<p><em><strong>„Demokratie lebt vom Mitmachen, sie lebt vom Engagement jedes Einzelnen! Deshalb engagiere ich mich kommunalpolitisch.“</strong></em></p>
<p>42 Jahre, Regionalmanager (Personal und Kostenplanung, strategische Agenturentwicklung), ich lebe von Geburt an in Frechen und bin seit zwölf Jahren in Königsdorf,<br />
Ratsmitglied seit 2009</p>
<p><strong>Politische Schwerpunkte</strong></p>
<p>Sport, Bäder, Digitalisierung, Glasfaser, Verkehr, Finanzen, Personal</p>
<p><strong>Dafür setze ich mich ein</strong></p>
<p>Lärmschutz an der A4, Sicherer Überweg am Mühlenweg, Verkehrsberuhigende Maßnahmen</p>
<p><strong>Dafür hat sich die CDU Königsdorf eingesetzt</strong></p>
<p>Errichtung einer behindertengerechten Bushaltestelle<br />
am Mühlenweg / Am Rotental, Carsharing-Station am S-Bahnhof, Elektrofahrzeugsäulen am S-Bahnhof, Wirksame Maßnahmen zur Verringerung von Geschwindigkeitsüber- schreitungen im Ort</p>
<p><strong>Lieblingsorte/-aktivitäten</strong></p>
<p>Radfahren im Villeforst Königsdorf, Spazieren im Sportpark Frechen, Schwimmen im Freibad oder Hallenbad</p>
<p><strong>Vereine</strong></p>
<p>Fördermitglied im TuS Blau-Weiß Königsdorf, Mitglied im Förderverein der Freiwilligen Feuerwehr Frechen sowie Habbelrath</p>
</div>
</div>
</div>
</div>
</td>
<td></td>
</tr>
</tbody>
</table>

<p>Liebe Nachbarin, lieber Nachbar, Frechen liegt mir am Herzen. Gerne möchte ich Ihre Interessen ehrenamtlich im Stadtrat vertreten. Gemeinsam wollen wir unsere liebens- und lebenswerte Heimat weiterentwickeln. Lassen Sie uns gemeinsam „Zukunft vor Ort gestalten“. Ich bitte um Ihr Vertrauen und werbe um Ihre Stimme. Ihr Daniel Klöpper „Demokratie lebt vom Mitmachen, sie lebt vom Engagement &hellip; </p>
<p><a class="more-link btn" href="https://daniel-kloepper.de/?page_id=58">Weiterlesen</a></p>
